MONTHLY CLIMATOLOGICAL SUMMARY for AUG. 2019

NAME: Meteo Lliria   CITY: LLiria STATE: Valencia
ELEV: 180 LAT: 039:60:60 LONG: 0000:59:11

                            TEMPERATURE ( C), RAIN (mm), WIND SPEED (kmh)

                                               HEAT     COOL           AVG
      MEAN                                     DEG      DEG            WIND                       DOM
DAY   TEMP    HIGH   TIME     LOW    TIME      DAYS     DAYS    RAIN   SPEED    HIGH    TIME      DIR
--------------------------------------------------------------------------------------------------------
01    24.6    30.2   13:41    18.5   06:12     00.0     06.3    00.0   04.4     31.4    15:16     ESE
02    25.6    31.6   18:11    18.4   06:42     00.0     07.3    00.0   05.1     29.6    15:27      SE
03    25.6    31.3   15:32    19.1   07:53     00.0     07.3    00.0   04.6     27.8    15:18     ESE
04    25.9    32.7   16:29    19.1   07:26     00.0     07.6    00.0   04.7     25.9    17:34      SE
05    25.9    32.5   15:44    20.0   05:07     00.0     07.6    00.0   04.4     31.4    17:48      SE
06    27.1    32.2   17:15    22.6   07:17     00.0     08.8    00.0   04.3     27.8    15:18      SE
07    27.2    37.8   15:04    20.6   06:40     00.0     08.9    00.0   04.1     33.3    18:01      SE
08    28.9    36.7   13:56    21.6   07:10     00.0     10.6    00.0   05.1     33.3    15:48     ESE
09    31.2    41.2   17:54    19.5   07:28     00.0     12.9    00.0   05.0     35.1    12:33      W 
10    29.5    34.0   17:46    25.5   07:41     00.0     11.2    00.0   06.5     37.0    15:06      SE
11    27.9    33.7   14:04    24.5   07:51     00.0     09.6    00.0   04.7     29.6    15:21      SE
12    25.9    30.4   13:58    22.1   06:06     00.0     07.6    00.0   05.6     37.0    16:44      SE
13    23.8    27.4   17:34    20.7   04:07     00.0     05.5    00.0   03.8     24.1    20:01     ESE
14    25.4    31.5   14:32    19.4   08:18     00.0     07.1    00.0   05.3     33.3    16:47      SE
15    25.6    31.7   16:04    18.1   07:45     00.0     07.3    00.0   05.8     35.1    16:49      SE
16    25.1    30.4   14:38    19.1   06:17     00.0     06.8    00.0   05.2     29.6    15:29     ESE
17    26.0    32.6   14:05    20.1   07:45     00.0     07.7    00.0   04.4     29.6    17:55      SE
--------------------------------------------------------------------------------------------------------
26.5 (26.7)   41.2  day 09     18.1  day 15   000.0    140.2   000.0   04.9     37.0   day 15      SE
Max >=  30: 16
Min <=   30: 17
Max Rain: 0.0 ON 7-08-19
Days of Rain: 0 (> .2mm) 0 (> 2mm) 0 (> 20mm)