MONTHLY CLIMATOLOGICAL SUMMARY for JUN. 2019

NAME: Meteo Lliria   CITY: LLiria STATE: Valencia
ELEV: 180 LAT: 039:60:60 LONG: 0000:59:11

                            TEMPERATURE ( C), RAIN (mm), WIND SPEED (kmh)

                                               HEAT     COOL           AVG
      MEAN                                     DEG      DEG            WIND                       DOM
DAY   TEMP    HIGH   TIME     LOW    TIME      DAYS     DAYS    RAIN   SPEED    HIGH    TIME      DIR
--------------------------------------------------------------------------------------------------------
01    20.1    27.5   15:55    13.2   04:00     00.0     01.8    00.0   06.0     31.4    15:30     ESE
02    20.4    27.9   13:35    11.8   06:47     00.0     02.1    00.0   05.7     31.4    16:03     ESE
03    20.7    28.5   13:57    12.0   06:09     00.0     02.4    00.0   05.1     33.3    18:43      SE
04    20.5    26.5   14:29    12.7   06:29     00.0     02.2    00.0   04.6     29.6    17:14      SE
05    21.5    27.6   17:26    16.5   05:17     00.0     03.2    00.0   09.3     55.5    12:51     WNW
06    18.8    24.1   13:08    12.1   06:01     00.0     00.5    00.0   06.7     33.3    17:46     ESE
07    21.8    30.3   18:44    12.6   06:21     00.0     03.5    00.0   06.5     40.7    13:49      W 
08    19.4    24.3   16:30    13.2   06:07     00.0     01.1    00.0   06.8     33.3    16:56     ESE
09    19.5    25.1   17:15    15.1   05:28     00.0     01.2    00.0   03.0     24.1    17:52     ENE
10    19.7    26.1   15:15    12.3   02:48     00.0     01.4    00.0   05.3     31.4    15:49     ESE
11    17.6    23.0   13:21    13.5   06:37     00.7     00.0    00.0   03.4     27.8    13:55      S 
12    16.7    22.6   14:26    09.2   06:53     01.6     00.0    00.0   05.2     33.3    15:54      SE
13    19.9    24.0   16:33    16.7   06:50     00.0     01.6    00.0   06.0     33.3    14:42      SE
14    22.5    32.5   17:00    15.8   03:29     00.0     04.2    00.0   05.5     31.4    19:03      W 
15    23.8    29.7   14:35    17.5   00:00     00.0     05.5    00.0   09.1     37.0    17:28     WSW
16    19.7    25.2   13:35    12.6   06:55     00.0     01.4    00.0   04.4     29.6    16:31      SE
17    22.0    29.4   13:23    13.6   07:27     00.0     03.7    00.0   06.0     35.1    14:15     ESE
18    22.2    27.9   12:46    14.3   07:16     00.0     03.9    00.0   05.8     27.8    18:07     ESE
19    22.9    31.3   13:08    13.6   06:48     00.0     04.6    00.0   05.4     35.1    15:59     ESE
20    22.0    27.9   14:17    14.9   07:09     00.0     03.7    00.0   06.4     40.7    13:56      SE
21    22.7    26.3   14:59    20.1   01:24     00.0     04.4    00.0   05.9     31.4    19:05      SE
22    22.2    27.0   15:38    15.7   07:19     00.0     03.9    00.0   04.6     31.4    16:04     ESE
--------------------------------------------------------------------------------------------------------
20.7 (20.5)   32.5  day 14     09.2  day 12   002.4    056.2   000.0   05.8     55.5   day 05      SE
Max >=  30: 3
Min <=   30: 22
Max Rain: 0.0 ON 0-06-19
Days of Rain: 0 (> .2mm) 0 (> 2mm) 0 (> 20mm)