MONTHLY CLIMATOLOGICAL SUMMARY for DEC. 2019

NAME: Meteo Lliria   CITY: LLiria STATE: Valencia
ELEV: 180 LAT: 039:60:60 LONG: 0000:59:11

                            TEMPERATURE ( C), RAIN (mm), WIND SPEED (kmh)

                                               HEAT     COOL           AVG
      MEAN                                     DEG      DEG            WIND                       DOM
DAY   TEMP    HIGH   TIME     LOW    TIME      DAYS     DAYS    RAIN   SPEED    HIGH    TIME      DIR
--------------------------------------------------------------------------------------------------------
01    13.9    17.7   16:10    09.7   00:00     04.4     00.0    00.0   04.3     33.3    11:26     WNW
02    11.3    13.5   13:28    08.8   06:01     07.0     00.0    01.5   03.4     29.6    14:00      NE
03    09.8    11.0   00:00    07.7   21:29     08.5     00.0    04.8   01.1     20.4    23:54      NW
04    11.7    18.8   05:30    07.8   11:10     06.6     00.0    12.6   05.5     42.5    03:46      N 
05    11.4    12.8   16:37    09.0   04:23     06.9     00.0    13.8   01.3     16.6    05:26     NNE
06    11.5    14.5   15:40    08.2   23:57     06.8     00.0    00.0   01.2     09.3    16:56     WSW
07    10.4    17.7   13:36    06.2   05:28     07.9     00.0    00.3   03.1     16.6    04:53     NNW
08    11.9    20.0   14:39    05.7   03:42     06.4     00.0    00.0   04.1     18.5    23:03      NW
09    13.8    21.3   15:07    06.6   07:23     04.5     00.0    00.0   03.9     22.2    10:59      NW
10    12.6    21.1   14:15    07.4   23:01     05.7     00.0    00.0   05.1     31.4    04:44     WNW
--------------------------------------------------------------------------------------------------------
11.8 (12.3)   21.3  day 09     05.7  day 08   064.6    000.0   033.3   03.3     42.6   day 01      NW
Min <=   30: 10
Max Rain: 13.8 ON 5-12-19
Days of Rain: 5 (> .2mm) 3 (> 2mm) 0 (> 20mm)