MONTHLY CLIMATOLOGICAL SUMMARY for OCT. 2019

NAME: Meteo Lliria   CITY: LLiria STATE: Valencia
ELEV: 180 LAT: 039:60:60 LONG: 0000:59:11

                            TEMPERATURE ( C), RAIN (mm), WIND SPEED (kmh)

                                               HEAT     COOL           AVG
      MEAN                                     DEG      DEG            WIND                       DOM
DAY   TEMP    HIGH   TIME     LOW    TIME      DAYS     DAYS    RAIN   SPEED    HIGH    TIME      DIR
--------------------------------------------------------------------------------------------------------
01    24.8    34.7   16:06    15.9   08:12     00.0     06.5    00.0   02.8     25.9    18:39     WNW
02    23.1    28.8   15:29    17.6   06:10     00.0     04.8    00.0   04.7     33.3    18:01      NW
03    19.8    27.0   17:49    13.0   08:25     00.0     01.5    00.0   03.4     20.4    16:49      E 
04    20.4    30.1   15:55    12.3   06:32     00.0     02.1    00.0   04.0     24.1    17:15      E 
05    20.1    27.7   14:21    13.4   08:25     00.0     01.8    00.0   03.9     27.8    15:20     ESE
06    20.3    27.4   15:08    14.8   09:01     00.0     02.0    00.0   03.5     20.4    17:45     ESE
07    20.3    28.3   16:55    14.7   07:13     00.0     02.0    00.0   03.9     37.0    13:27      SE
08    20.3    27.8   15:48    13.7   08:41     00.0     02.0    00.0   03.5     27.8    16:16     ESE
09    21.3    26.9   15:12    15.6   08:42     00.0     03.0    00.0   04.3     25.9    18:37      SE
10    20.6    22.4   17:47    18.8   09:11     00.0     02.3    00.3   01.6     16.6    17:41      SE
11    22.0    26.2   15:37    19.6   07:46     00.0     03.7    00.0   03.2     24.1    17:31     ESE
12    21.5    26.3   14:30    17.6   08:27     00.0     03.2    00.0   03.8     25.9    17:22     ESE
13    21.3    27.2   15:10    16.6   08:37     00.0     03.0    00.0   03.0     22.2    17:11     ESE
14    20.1    24.8   16:29    16.5   07:04     00.0     01.8    00.3   03.4     33.3    00:00      SE
15    17.8    24.0   16:33    12.0   08:38     00.5     00.0    00.0   06.2     38.9    00:09     WNW
16    18.0    26.5   16:58    10.7   08:43     00.3     00.0    00.0   04.1     24.1    12:52     WNW
17    19.8    28.1   16:17    10.7   08:43     00.0     01.5    00.0   04.4     33.3    12:28     WNW
18    22.1    27.5   15:46    17.0   06:58     00.0     03.8    00.0   06.1     31.4    12:50     WNW
19    21.0    27.0   17:59    16.1   00:00     00.0     02.7    00.0   07.0     33.3    15:29     WNW
20    16.9    19.8   18:27    12.4   11:02     01.4     00.0    02.7   06.3     92.5    09:20     WNW
21    14.0    20.2   15:15    08.0   08:17     04.3     00.0    00.0   03.9     25.9    17:04     ESE
22    12.2    14.9   13:49    09.3   10:31     06.1     00.0    13.5   07.2     92.5    07:10     WNW
--------------------------------------------------------------------------------------------------------
19.9 (20.2)   34.7  day 01     08.0  day 21   012.6    047.6   016.8   04.3     92.5   day 22     WNW
Max >=  30: 2
Min <=   30: 22
Max Rain: 13.5 ON 22-10-19
Days of Rain: 4 (> .2mm) 2 (> 2mm) 0 (> 20mm)