MONTHLY CLIMATOLOGICAL SUMMARY for APR. 2019

NAME: Meteo Lliria   CITY: LLiria STATE: Valencia
ELEV: 180 LAT: 039:60:60 LONG: 0000:59:11

                            TEMPERATURE ( C), RAIN (mm), WIND SPEED (kmh)

                                               HEAT     COOL           AVG
      MEAN                                     DEG      DEG            WIND                       DOM
DAY   TEMP    HIGH   TIME     LOW    TIME      DAYS     DAYS    RAIN   SPEED    HIGH    TIME      DIR
--------------------------------------------------------------------------------------------------------
01    12.3    15.5   17:52    10.6   08:09     06.0     00.0    04.2   01.1     11.1    17:07     WSW
02    14.2    20.9   12:49    08.5   05:40     04.1     00.0    00.9   03.6     24.1    16:36      N 
03    15.6    22.9   17:51    08.9   06:56     02.7     00.0    00.0   07.8     46.3    14:47      W 
04    12.7    18.8   16:22    08.2   08:51     05.6     00.0    00.0   04.9     33.3    17:53      SE
05    10.4    17.2   14:44    05.7   06:07     07.9     00.0    00.9   04.7     55.5    15:21     WNW
06    10.6    15.4   14:32    07.1   23:48     07.7     00.0    02.1   11.5     51.8    11:11     WNW
07    13.3    19.9   17:22    07.9   01:53     05.0     00.0    00.0   11.1     40.7    16:26     WNW
08    16.6    22.9   16:35    11.1   05:12     01.7     00.0    00.0   08.8     42.5    17:11     WNW
09    14.3    20.3   16:00    10.8   08:09     04.0     00.0    00.9   13.3     51.8    17:51     WNW
10    13.1    19.4   14:41    08.8   07:39     05.2     00.0    04.2   09.0     38.9    11:48     WNW
11    14.5    21.3   17:27    07.5   07:16     03.8     00.0    00.0   05.4     31.4    17:40      NW
12    14.7    22.0   16:53    07.0   07:45     03.6     00.0    00.0   05.0     42.5    01:19      W 
13    14.3    22.4   18:01    07.4   01:27     04.0     00.0    00.0   05.0     27.8    17:36     ESE
14    19.0    30.2   18:08    08.8   01:05     00.0     00.7    00.0   04.9     24.1    18:56      NW
15    15.8    20.9   14:07    11.2   06:24     02.5     00.0    00.0   06.7     37.0    16:27      SE
16    14.1    20.1   12:57    08.8   06:48     04.2     00.0    00.0   05.6     31.4    13:06      SE
17    14.1    20.8   15:12    10.0   05:38     04.2     00.0    00.0   05.3     33.3    15:54     ESE
18    13.2    17.7   23:01    08.0   21:48     05.1     00.0    29.7   06.2     46.3    17:43     NNE
--------------------------------------------------------------------------------------------------------
14.0 (14.6)   30.2  day 14     05.7  day 05   077.2    000.7   043.2   06.7     55.5   day 05     WNW
Max >=  30: 1
Min <=   30: 18
Max Rain: 29.7 ON 18-04-19
Days of Rain: 7 (> .2mm) 4 (> 2mm) 1 (> 20mm)